
Let v(d) = -d**2 - 34*d - 147. What is v(-29)?
-2
Let p(a) = -a**2 + 9*a + 13. Calculate p(10).
3
Let p(x) = -x**3 + 10*x**2 - 8*x - 12. Calculate p(9).
-3
Let d(u) = -u**3 + 7*u**2 + 11*u - 4. Determine d(8).
20
Let l(p) = p**3 + 6*p**2 - 6*p - 4. Calculate l(-7).
-11
Let h(f) = -f**2 + f + 35. Give h(0).
35
Let n(m) = -2*m**2 - 5*m - 15. Determine n(-6).
-57
Let g(i) = -i. Calculate g(-6).
6
Let y(h) = -h**2 + 9*h + 1. Give y(7).
15
Let k(a) = a**3 + 13*a**2 - 12*a + 7. Calculate k(-14).
-21
Let x(y) = y**2 + 2*y + 7. Determine x(0).
7
Let t(h) = h**3 + 11*h**2 + 2*h + 37. What is t(-11)?
15
Let n(v) = v**3 - 13*v**2 + 5*v + 76. Calculate n(12).
-8
Let p(w) = 2*w**3 - w**2 - 10*w + 2. Calculate p(3).
17
Let v(k) = k**2 - 3*k + 9. Calculate v(3).
9
Let y(a) = 20*a + 507. Determine y(-26).
-13
Let k(c) = c**3 - 9*c**2 - 13*c + 21. What is k(10)?
-9
Let j(b) = -b**2 - 12*b - 14. Determine j(-10).
6
Let m(c) = -26*c + 61. What is m(3)?
-17
Let d(y) = 6*y - 13. Give d(10).
47
Let n(o) = o + 4. Determine n(5).
9
Let i(w) = w**3 + 9*w**2 - 6*w - 15. Give i(-9).
39
Let v(n) = -188*n - 1130. Give v(-6).
-2
Let k(h) = -6*h - 66. Give k(-12).
6
Let t(b) = -15*b**2 - 4*b - 2. Give t(-2).
-54
Let h(f) = 3*f + 4. What is h(-3)?
-5
Let v(h) = h**2 - 25*h + 49. Calculate v(23).
3
Let f(p) = -p**2 - 6*p + 8. Determine f(-9).
-19
Let f(n) = 4*n + 74. What is f(-13)?
22
Let y(u) = u**3 - 8*u**2 + 16*u - 31. Give y(6).
-7
Let g(h) = -h**3 + 6*h**2 + 3*h - 15. What is g(6)?
3
Let t(k) = -2*k + 3. Calculate t(5).
-7
Let v(a) = 3*a**2 - 6*a + 2. Determine v(4).
26
Let q(h) = h**3 - h**2 + h - 1. Determine q(1).
0
Let b(f) = -6*f**2 + 138*f - 21. Calculate b(23).
-21
Let t(i) = -7*i - 24. Give t(-3).
-3
Let b(t) = t**3 - 6*t**2 + 8*t - 22. Determine b(5).
-7
Let r(o) = o**3 - 5*o**2 + 5*o - 10. Determine r(5).
15
Let p(l) = -l**2 + 24*l + 17. What is p(19)?
112
Let f(h) = -h**2 + 18*h + 590. Calculate f(-17).
-5
Let y(d) = -d**3 - 43*d**2 - 47*d - 202. What is y(-42)?
8
Let m(z) = -z**3 - 4*z**2 - 3*z - 4. Give m(-4).
8
Let h(q) = q**3 + 9*q**2 + 5*q - 4. What is h(-8)?
20
Let g(y) = -3*y - 49. Give g(-21).
14
Let i(k) = 2*k**2 + 30*k - 4. Give i(-16).
28
Let p(i) = 47*i - 229. Give p(5).
6
Let s(v) = 4*v - 97. Determine s(25).
3
Let x(o) = 2*o - 21. Determine x(8).
-5
Let t(n) = n**3 - 10*n**2 + 11*n + 5. Give t(8).
-35
Let u(t) = t**2 + t - 18. Give u(-6).
12
Let k(o) = 85*o - 1. What is k(-1)?
-86
Let j(f) = -f**3 + 7*f**2 - 9*f - 10. Calculate j(5).
-5
Let h(g) = -3*g**2 - 17*g + 10. Determine h(-7).
-18
Let t(n) = 17*n**3 + 2*n**2 + 2*n + 1. Determine t(-1).
-16
Let n(p) = -p**2 - 8*p + 1. Determine n(-7).
8
Let x(u) = -15*u - 222. Determine x(-19).
63
Let c(l) = l**2 - 35*l - 39. Calculate c(36).
-3
Let r(o) = -o - 3. Give r(-2).
-1
Let y(g) = g**3 + g**2 + 2*g + 2. Calculate y(-2).
-6
Let o(m) = m**2 + 5*m + 6. Determine o(-3).
0
Let x(z) = -4*z - 25. Calculate x(-7).
3
Let y(x) = x**2 - 10*x - 22. Determine y(-2).
2
Let y(h) = -h**3 - 12*h**2 - 10*h + 21. Give y(-11).
10
Let r(p) = 7*p**2 - p + 1. What is r(2)?
27
Let i(p) = 11*p**3 + p**2 - 3*p + 1. Give i(1).
10
Let z(y) = -y**2 + 5*y - 6. Calculate z(4).
-2
Let a(b) = b**2 + 28*b + 65. Determine a(-25).
-10
Let y(a) = -a**3 - 8*a**2 + 3*a - 5. Calculate y(-9).
49
Let i(z) = z + 10. Determine i(-5).
5
Let c(f) = 7*f + 32. Give c(-3).
11
Let h(u) = -3*u**2 + 84*u - 3. What is h(28)?
-3
Let g(l) = -l**2 + 14. Give g(5).
-11
Let r(a) = -57*a + 174. Determine r(3).
3
Let y(a) = a**3 - 6*a**2 + 4*a + 6. Calculate y(6).
30
Let s(p) = 6*p**3 - p**2 + p + 1. Give s(-1).
-7
Let n(v) = 46*v**2 + 18*v + 19. Determine n(-1).
47
Let c(q) = 4*q**3 + 2*q**2 - 1. Calculate c(-1).
-3
Let t(d) = -4*d - 8. Calculate t(6).
-32
Let s(x) = 2*x**2 - 9*x + 13. What is s(6)?
31
Let d(y) = -y**3 - 17*y**2 + 2*y + 18. Give d(-17).
-16
Let a(u) = -4*u**2 - 8*u - 8. Determine a(-2).
-8
Let p(v) = 12*v**3 - v**2 + 2*v + 2. Give p(-1).
-13
Let u(k) = 4*k - 4. Calculate u(2).
4
Let n(y) = -y**2 - y + 2. Give n(-3).
-4
Let m(o) = -o**2 - o + 45. Give m(0).
45
Let s(n) = 3*n - 33. Give s(13).
6
Let r(j) = j + 20. Give r(-26).
-6
Let q(w) = w**2 + 14*w + 17. What is q(-12)?
-7
Let j(y) = -y + 6. What is j(-6)?
12
Let q(s) = s**3 + 5*s**2 - 12*s - 15. What is q(-9)?
-231
Let n(y) = y**2 + 2*y - 1089. Give n(32).
-1
Let p(y) = -2*y + 33. Determine p(14).
5
Let p(g) = -2*g**3 - 2*g**2 + 4*g - 2. Calculate p(-2).
-2
Let h(f) = 4*f + 16. Determine h(-5).
-4
Let o(p) = -p**2 - 7*p - 1. Give o(-11).
-45
Let l(v) = -2*v**2 + 22*v + 10. Calculate l(12).
-14
Let x(i) = i - 5. What is x(13)?
8
Let o(z) = -3*z**3 - 2*z**2 - 3*z - 1. Calculate o(-2).
21
Let m(x) = x**3 + 6*x**2 + 7*x + 18. What is m(-5)?
8
Let j(k) = k**2 - 7*k - 21. Give j(9).
-3
Let a(r) = r**3 - 11*r**2 + 13*r - 2. Determine a(9).
-47
Let s(d) = -d - 5. What is s(-10)?
5
Let z(j) = -j**2 + 34*j + 156. Give z(-4).
4
Let w(l) = -4*l + 6. Determine w(3).
-6
Let u(f) = f**2 + 10*f + 12. Determine u(-7).
-9
Let c(m) = -m**3 - 5*m**2 + 9*m + 6. What is c(-7)?
41
Let h(p) = -19*p + 12. What is h(3)?
-45
Let c(l) = l**3 + 4*l**2 - 14*l - 7. Give c(-6).
5
Let g(x) = 16*x + 1. What is g(2)?
33
Let k(u) = -3*u + 6. Calculate k(7).
-15
Let g(o) = o**3 - 4*o**2 + o - 1. Determine g(3).
-7
Let h(q) = -q**3 + 2*q**2 - 6*q + 6. Give h(2).
-6
Let y(h) = 2*h**3 + 16*h**2 - 13*h + 39. What is y(-9)?
-6
Let d(g) = -49*g - 531. Calculate d(-11).
8
Let p(a) = 2*a + 2. Calculate p(1).
4
Let x(m) = 2*m**3 - 20*m**2 + 20*m - 23. Determine x(9).
-5
Let w(t) = -t + 3. Give w(-11).
14
Let d(a) = -a**3 + 11*a**2 - 2*a + 13. Give d(11).
-9
Let q(r) = 3*r**2 + 21*r + 7. Calculate q(-9).
61
Let l(x) = x - 17. What is l(7)?
-10
Let t(f) = -f**3 - 25*f**2 - f - 19. Calculate t(-25).
6
Let b(j) = j**2 + 3*j + 36. Give b(0).
36
Let m(s) = 6*s**2 - s + 4. Calculate m(2).
26
Let r(c) = -c**3 - 2*c**2 + 2. What is r(-2)?
2
Let j(q) = 21*q - 215. What is j(10)?
-5
Let h(z) = -z + 11. Determine h(13).
-2
Let a(c) = c**3 + 16*c**2 + c + 23. Give a(-16).
7
Let f(q) = -20*q**2 - 9*q - 8. Give f(-2).
-70
Let o(d) = -d**3 - 16*d**2 - 20*d - 59. Give o(-15).
16
Let s(t) = -20*t - 7. What is s(5)?
-107
Let x(k) = k + 15. Calculate x(-4).
11
Let h(r) = -r**3 + 12*r**2 - 3*r + 11. Give h(12).
-25
Let v(z) = -46*z - 638. Determine v(-14).
6
Let v(l) = 28*l - 324. Give v(11).
-16
Let l(f) = -12*f - 261. What is l(-22)?
3
Let k(q) = -q**3 - 2*q**2 + 7*q - 1. Calculate k(-4).
3
Let f(v) = v**3 - 9*v**2 + 6*v + 19. Determine f(8).
3
Let o(z) = -z**3 - 14*z**2 - 11*z + 26. What is o(-13)?
0
Let c(t) = t**2 - 2*t + 13. Give c(10).
93
Let r(j) = 18*j**2 - j + 1. What is r(-1)?
20
Let w(s) = s + 11. Give w(-11).
0
Let y(x) = 10*x + 27. Calculate y(-5).
-23
Let n(g) = -34*g**3 + 3*g - 2. Calculate n(1).
-33
Let a(z) = -z + 28. What is a(8)?
20
Let a(t) = -7*t + 28. Calculate a(8).
-28
Let l(q) = q**3 + 12*q**2 + 3*q + 40. Calculate l(-12).
4
Let y(b) = -4*b**2 + 23*b - 3. Calculate y(5).
12
Let d(o) = 2*o**2 + 19*o - 4. Calculate d(-10).
6
Let t(w) = -63*w**2 - 568*w - 6. Calculate t(-9).
3
Let p(y) = -2*y**2 - 8*y - 7. Give p(-9).
-97
Let v(k) = 5*k + 3. Calculate v(-2).
-7
Let j(o) = o**3 + 13*o**2 + 5*o + 6. What is j(-13)?
-59
Let u(n) = -n**2 - 8*n + 149. Give u(8).
21
Let j(t) = 5*t**3 - 5*t**2 - 3*t + 1. What is j(2)?
15
Let t(n) = 6*n - 17. What is t(4)?
7
Let d(u) = 2*u**2 - 16*u - 130. What is d(13)?
0
Let u(n) = -n**3 - 26*n**2 - 72*n - 66. Determine u(-23).
3
Let r(s) = s**3 + 6*s**2 - 9. What is r(-5)?
16
Let k(z) = z**2 + 20*z + 36. Determine k(-17).
-15
Let y(w) = 37*w + 215. Calculate y(-6).
-7
Let a(w) = -w**3 + 44*w**2 + 2*w - 63. Determine a(44).
25
Let f(k) = k**3 - 2*k**2 - 13*k + 14. Calculate f(5).
24
Let s(g) = -2*g + 129. What is s(0)?
129
Let s(t) = -6*t**3 + 2*t**2 + t + 1. Calculate s(-2).
55
Let u(t) = -5*t + 12. Determine u(-4).
32
Let i(a) = 3*a**3 - 3*a**2 + 2*a + 1. What is i(2)?
17
Let k(r) = -r + 7. Determine k(18).
-11
Let z(p) = -p**3 + 7*p**2 - 14*p + 17. Give z(5).
-3
Let m(u) = -u**2 + 12*u + 10. What is m(12)?
10
Let b(h) = -h**2 - 22*h - 5. Determine b(-21).
16
Let s(i) = i**3 - 12*i**2 + 9*i + 16. What is s(11)?
-6
Let j(z) = z**2 + 5*z + 2. Give j(-3).
-4
Let k(t) = 2*t - 15. What is k(2)?
-1